 3, 13
List the prime factors of 8999.
8999
List the prime factors of 11789.
11789
List the prime factors of 2572.
2, 643
What are the prime factors of 1513?
17, 89
What are the prime factors of 119499?
3, 61, 653
List the prime factors of 48878.
2, 24439
What are the prime factors of 4562?
2, 2281
List the prime factors of 74358.
2, 3, 17
List the prime factors of 43400.
2, 5, 7, 31
What are the prime factors of 451?
11, 41
What are the prime factors of 186?
2, 3, 31
List the prime factors of 1572.
2, 3, 131
List the prime factors of 52466.
2, 37, 709
List the prime factors of 675.
3, 5
What are the prime factors of 8341?
19, 439
What are the prime factors of 5216?
2, 163
What are the prime factors of 48266?
2, 24133
What are the prime factors of 1823?
1823
List the prime factors of 4617.
3, 19
What are the prime factors of 13643?
7, 1949
List the prime factors of 2366.
2, 7, 13
What are the prime factors of 32048?
2, 2003
List the prime factors of 10135.
5, 2027
List the prime factors of 1824.
2, 3, 19
What are the prime factors of 2631?
3, 877
What are the prime factors of 10666?
2, 5333
What are the prime factors of 46795?
5, 7, 191
What are the prime factors of 21717?
3, 19, 127
List the prime factors of 5734.
2, 47, 61
What are the prime factors of 22475?
5, 29, 31
What are the prime factors of 1114?
2, 557
List the prime factors of 88401.
3, 79, 373
List the prime factors of 6493.
43, 151
What are the prime factors of 5782?
2, 7, 59
What are the prime factors of 544?
2, 17
What are the prime factors of 1008?
2, 3, 7
What are the prime factors of 2062?
2, 1031
List the prime factors of 46743.
3, 15581
List the prime factors of 4913.
17
List the prime factors of 2723.
7, 389
What are the prime factors of 15296?
2, 239
What are the prime factors of 1378?
2, 13, 53
What are the prime factors of 6526?
2, 13, 251
What are the prime factors of 1497?
3, 499
What are the prime factors of 2497?
11, 227
List the prime factors of 1560.
2, 3, 5, 13
What are the prime factors of 6932?
2, 1733
List the prime factors of 2971.
2971
List the prime factors of 75015.
3, 5, 1667
What are the prime factors of 39?
3, 13
List the prime factors of 582.
2, 3, 97
List the prime factors of 2251.
2251
What are the prime factors of 1047?
3, 349
What are the prime factors of 6742?
2, 3371
What are the prime factors of 3028?
2, 757
What are the prime factors of 37651?
23, 1637
What are the prime factors of 40235?
5, 13, 619
List the prime factors of 739.
739
What are the prime factors of 19014?
2, 3, 3169
List the prime factors of 11272.
2, 1409
List the prime factors of 8501.
8501
List the prime factors of 4373.
4373
What are the prime factors of 1367?
1367
List the prime factors of 6624.
2, 3, 23
What are the prime factors of 66469?
13, 5113
List the prime factors of 438.
2, 3, 73
List the prime factors of 44807.
7, 37, 173
List the prime factors of 102795.
3, 5, 7, 11, 89
List the prime factors of 6777.
3, 251
List the prime factors of 146355.
3, 5, 11, 887
What are the prime factors of 111553?
13, 8581
List the prime factors of 2459.
2459
What are the prime factors of 987?
3, 7, 47
What are the prime factors of 8118?
2, 3, 11, 41
List the prime factors of 11404.
2, 2851
What are the prime factors of 9716?
2, 7, 347
What are the prime factors of 10939?
10939
List the prime factors of 15818.
2, 11, 719
List the prime factors of 673.
673
List the prime factors of 7126.
2, 7, 509
What are the prime factors of 28391?
11, 29, 89
What are the prime factors of 809?
809
List the prime factors of 951.
3, 317
List the prime factors of 2569.
7, 367
List the prime factors of 1181.
1181
List the prime factors of 2399.
2399
List the prime factors of 47375.
5, 379
List the prime factors of 3527.
3527
List the prime factors of 37285.
5, 7457
List the prime factors of 1164.
2, 3, 97
List the prime factors of 59319.
3, 13
What are the prime factors of 1658?
2, 829
List the prime factors of 38283.
3, 7, 1823
What are the prime factors of 1372?
2, 7
List the prime factors of 47885.
5, 61, 157
List the prime factors of 100.
2, 5
What are the prime factors of 16978?
2, 13, 653
What are the prime factors of 58302?
2, 3, 41, 79
What are the prime factors of 41504?
2, 1297
What are the prime factors of 27182?
2, 13591
What are the prime factors of 3720?
2, 3, 5, 31
What are the prime factors of 41446?
2, 17, 23, 53
What are the prime factors of 26411?
7, 11
What are the prime factors of 940?
2, 5, 47
What are the prime factors of 13240?
2, 5, 331
List the prime factors of 27587.
7, 563
List the prime factors of 24.
2, 3
List the prime factors of 1243.
11, 113
List the prime factors of 25367.
25367
What are the prime factors of 55039?
23, 2393
What are the prime factors of 1247?
29, 43
List the prime factors of 86018.
2, 41, 1049
List the prime factors of 462.
2, 3, 7, 11
What are the prime factors of 2159?
17, 127
List the prime factors of 1979.
1979
List the prime factors of 62475.
3, 5, 7, 17
What are the prime factors of 2119?
13, 163
What are the prime factors of 88652?
2, 37, 599
What are the prime factors of 5463?
3, 607
What are the prime factors of 407?
11, 37
List the prime factors of 1627.
1627
What are the prime factors of 12797?
67, 191
What are the prime factors of 11219?
13, 863
What are the prime factors of 2697?
3, 29, 31
List the prime factors of 20710.
2, 5, 19, 109
What are the prime factors of 121310?
2, 5, 7, 1733
What are the prime factors of 925?
5, 37
List the prime factors of 1627.
1627
What are the prime factors of 73209?
3, 23, 1061
List the prime factors of 34756.
2, 8689
List the prime factors of 40717.
19, 2143
List the prime factors of 933.
3, 311
What are the prime factors of 1899?
3, 211
List the prime factors of 57896.
2, 7237
List the prime factors of 2545.
5, 509
What are the prime factors of 133850?
2, 5, 2677
What are the prime factors of 46617?
3, 41, 379
List the prime factors of 7647.
3, 2549
List the prime factors of 29474.
2, 14737
List the prime factors of 34195.
5, 7, 977
What are the prime factors of 894?
2, 3, 149
List the prime factors of 2212.
2, 7, 79
List the prime factors of 1423.
1423
What are the prime factors of 12255?
3, 5, 19, 43
List the prime factors of 73153.
191, 383
List the prime factors of 4822.
2, 2411
What are the prime factors of 16?
2
What are the prime factors of 55559?
7, 7937
List the prime factors of 764.
2, 191
List the prime factors of 2469.
3, 823
List the prime factors of 39094.
2, 11, 1777
List the prime factors of 11800.
2, 5, 59
List the prime factors of 31838.
2, 15919
What are the prime factors of 108638?
2, 54319
What are the prime factors of 49421?
73, 677
List the prime factors of 14060.
2, 5, 19, 37
What are the prime factors of 131?
131
List the prime factors of 4029.
3, 17, 79
List the prime factors of 1857.
3, 619
List the prime factors of 12278.
2, 7, 877
List the prime factors of 16664.
2, 2083
List the prime factors of 1572.
2, 3, 131
What are the prime factors of 41854?
2, 17, 1231
List the prime factors of 8271.
3, 919
What are the prime factors of 346?
2, 173
List the prime factors of 121876.
2, 30469
What are the prime factors of 18170?
2, 5, 23, 79
List the prime factors of 21374.
2, 10687
List the prime factors of 1934.
2, 967
What are the prime factors of 13054?
2, 61, 107
What are the prime factors of 44096?
2, 13, 53
List the prime factors of 4249.
7, 607
What are the prime factors of 2918?
2, 1459
What are the prime factors of 2932?
2, 733
What are the prime factors of 7376?
2, 461
What are the prime factors of 3600?
2, 3, 5
List the prime factors of 671.
11, 61
List the prime factors of 67968.
2, 3, 59
List the prime factors of 31689.
3, 7, 503
What are the prime factors of 39299?
13, 3023
What are the prime factors of 5145?
3, 5, 7
List the prime factors of 14719.
41, 359
List the prime factors of 30680.
2, 5, 13, 59
List the prime factors of 8249.
73, 113
List the prime factors of 1358.
2, 7, 97
What are the prime factors of 2645?
5, 23
What are the prime factors of 1367?
1367
List the prime factors of 469.
7, 67
What are the prime factors of 11112?
2, 3, 463
What are the prime factors of 5367?
3, 1789
What are the prime factors of 78?
2, 3, 13
List the prime factors of 10631.
10631